35 + 6) is divided by p.
13
Let o = -114 + 126. What is the remainder when 181 is divided by (3/o*12)/(6/92)?
43
Calculate the remainder when 80 is divided by (9/(-6))/((-17)/340).
20
Suppose -4*j = 5*v - 84, -4*v - 53 = -3*j + 41. What is the remainder when 102 is divided by j?
24
Let f be 6 + 10/5 + 0. Suppose -114 - 38 = -f*p. Calculate the remainder when 149 is divided by p.
16
Suppose 0 = 26*h - 3820 - 236. What is the remainder when h is divided by 16?
12
Let o(q) be the third derivative of q**4/12 + 7*q**3 + 10*q**2. Calculate the remainder when 8 is divided by o(-18).
2
Suppose 21*l = -18 + 291. Suppose -z + 2*u = -4, 4 - 6 = u. Suppose 2*i - 3*x - 5 = z, -6*i + 19 = -i - x. Calculate the remainder when l is divided by i.
1
Let y(o) = -2*o - 4. Let h(b) = -3*b**3 - 4*b**2 - 4*b + 1. Let p be h(-3). Let x be p/(-6) + 3/(-9). What is the remainder when 63 is divided by y(x)?
15
Let x = 962 + -579. Calculate the remainder when x is divided by 32.
31
Suppose 0 = 194*j - 187*j - 6090. Calculate the remainder when j is divided by 97.
94
Let l(m) = -27*m**3 + 2*m + 1. Calculate the remainder when 283 is divided by l(-1).
23
Let k(u) = -4*u - 11. Let l(q) = -q**3 + 21*q**2 + 30. Calculate the remainder when l(21) is divided by k(-6).
4
Let r = 228 - 201. Calculate the remainder when r is divided by 14.
13
Suppose -3*m + l + 73 = 0, -4*m - 4*l + 90 = -34. Calculate the remainder when (-6 - -410)*(-2)/(-8) is divided by m.
23
Let v(j) = 2*j**2 + 2. Let o be 60/(-5)*15/(-12). Suppose -13*l = -o*l + 18. What is the remainder when v(4) is divided by l?
7
Let x = -194 + 200. What is the remainder when 16 is divided by x?
4
Let z(v) = 2*v - 19. Calculate the remainder when (65/10)/((-2)/(-4)) is divided by z(12).
3
Let x(k) = -k**2 - 7*k + 22. Let l be x(-9). Suppose l*p - 102 = p. What is the remainder when 100 is divided by p?
32
Let l be (234/12)/(-13)*(-2)/(-3). What is the remainder when 22 is divided by (13 + l)*((-65)/(-10) - 6)?
4
Suppose -3*p - 4 = -3*z + 2*p, -2*z + 2*p + 4 = 0. Calculate the remainder when z + -3 - 0 - -32 is divided by (54/24)/(1/4).
5
Suppose 155 = 2*y + 3*y. Suppose 0 = 3*s + 2*k - 5*k - 51, -2*s + y = -k. Suppose 8*t + 40 - 248 = 0. What is the remainder when t is divided by s?
12
Suppose 1096 = 31*l + 259. Calculate the remainder when 59 is divided by l.
5
Suppose 6*d - 40 = 2*d. What is the remainder when (10*(-11)/(-110))/(70/34 - 2) is divided by d?
7
Suppose -22 = -6*a - 10. What is the remainder when 4878/30 - a/(-5) is divided by 41?
40
Let c = 0 - -2. Suppose 4*z + 5*w = 67, -c*z + w = -2*w - 17. Let p(k) = -36*k**3 - k. What is the remainder when p(-1) is divided by z?
11
Let i(t) = 3*t**2 - 2*t - 3. Let p = 2 - 3. Let l(f) = f**2 + 1. Let r(s) = p*i(s) + 4*l(s). Calculate the remainder when 85 is divided by r(-5).
19
Let u(j) = -j**3 - 5*j**2 + 7*j + 12. Calculate the remainder when 143 is divided by u(-6).
5
Suppose 5*t - 5*m - 95 = 0, -m + 37 = 4*t - 14. Let u = 217 - 179. What is the remainder when u is divided by t?
10
Let b(k) = -k**2 + 3*k + 7. Let m(r) = -r**3 - 4*r**2 - r - 1. Let t be m(-4). What is the remainder when 13 is divided by b(t)?
6
Suppose 0 = -102*w + 12242 - 5000. What is the remainder when w is divided by 28 - (2 - 0)/2?
17
Let r = 345 - 151. Suppose -m + 124 = -5*d + 362, -m + r = 4*d. What is the remainder when 188 is divided by d?
44
Let q(d) = -d**3 + 20*d**2 - 76*d + 48. What is the remainder when q(15) is divided by 20?
13
Suppose -3*v + 4*d - 68 = -7*v, -4*v = d - 65. Suppose -n + v = -2. What is the remainder when n is divided by 6?
0
Let x = -616 - -703. What is the remainder when 164 is divided by x?
77
Let t = 34 + -17. Suppose 2*j - j = -o - 1, -2*o = 4*j + 2. What is the remainder when t is divided by (6/(-12))/(o/20)?
7
Suppose 5*n - k = 3*k + 33, -5 = n + 5*k. Let s be 1 - (-3 - 0 - 0). Calculate the remainder when -27*5/(-30)*s is divided by n.
3
Let g = 156 + -48. What is the remainder when g is divided by 11?
9
Let o be (-9)/(-18) + (-315)/(-6). Let n = 93 - o. What is the remainder when n is divided by 23?
17
Suppose 0 = -3*m - 7*m + 80. What is the remainder when 12 is divided by m?
4
Let n = 1 + 2. Suppose 0 = l + 5, -n*u + 2*l + 37 = -0*l. Calculate the remainder when 24 is divided by u.
6
Calculate the remainder when 20 + (-5 + 25)/4 + -7 is divided by 5.
3
Let k be 5 - (-2)/6*-9. Suppose k*t - 14 = 6. Let h(d) = 2*d**2 + 5*d + 3. What is the remainder when t is divided by h(-3)?
4
What is the remainder when 158 is divided by 2/(-32)*-4 - 126/(-8)?
14
Let i(z) = -z**3 + 12*z**2 - 11*z + 4. Suppose 0 = -o + 3*o + 26. Let t = 26 + o. What is the remainder when t is divided by i(11)?
1
Let y(j) = -2*j**3 + 3*j**2 + 4*j + 3. What is the remainder when y(-2) is divided by (66 + -68)/(0 - 2/17)?
6
Let g be -2 + 3 - -1*3. Let u = 0 + g. Suppose 0 = -u*z + 5*b + 27, -4*b + 18 + 2 = 0. Calculate the remainder when 25 is divided by z.
12
Let g = -363 - -534. Suppose 6*j - 725 = -19*j. What is the remainder when g is divided by j?
26
Let j(n) = 21*n**2 - 25*n + 51. What is the remainder when j(2) is divided by 19?
9
Let m(r) = -7*r + 5. Suppose -2*x - i - 2 = -1, -4*i - 14 = 3*x. Suppose -2*d + 46 = 4*n, n - 32 = -x*n - d. What is the remainder when m(-4) is divided by n?
6
Let j(b) = 4*b**2 + 4*b + 3. Let w be j(-7). Suppose 0 = 5*x - 2*x - w. Calculate the remainder when x is divided by (((-40)/14)/2)/(3/(-21)).
7
Suppose 2*f - 2970 = -4*m + 1626, -1156 = -m + 3*f. What is the remainder when m is divided by 34?
28
Suppose 13*x = 15*x - 22. Suppose 24 = c + x. Calculate the remainder when c is divided by 11.
2
Let q(k) = 4*k - 7. Let l be q(3). Suppose -65 = -0*a - l*a. What is the remainder when 89 is divided by a?
11
Let f(k) = -4*k - 1. Let d be f(-2). Suppose 0 = 2*a - d*a + 35. Let z = -24 + 29. What is the remainder when a is divided by z?
2
Suppose 0 = c - 4*c + 9. Let t be (-1 - -3)/(2/c). Suppose 3*x = 5*w + 19, x + w + 8 = t*x. What is the remainder when 8 is divided by x?
2
Suppose 13*o - 49 = 55. What is the remainder when 13 is divided by o?
5
Suppose 0 = -12*l - 14*l + 312. What is the remainder when 57 is divided by l?
9
Let o = 89 - 36. Let b = o - 36. Calculate the remainder when 32 is divided by b.
15
Let y(k) = -3*k + 20. Calculate the remainder when y(-9) is divided by 3.
2
Let r = -81 + 147. Let x = -6 - -6. What is the remainder when r is divided by 2 - (x + 5)*-3?
15
Suppose 18*d - 21*d + 3*s = -15, 5*d - 23 = 3*s. What is the remainder when 25 is divided by d?
1
Let g(c) = c + 28. Let i = -30 + 30. Calculate the remainder when g(i) is divided by 15.
13
Suppose 64*i + 374 = 86*i. What is the remainder when 47 is divided by i?
13
Let d(i) = 5*i - 14. Let k be d(6). Let q(w) = w**3 - 11*w**2 + 9*w + 10. Let v be q(10). Let n = k - v. What is the remainder when 45 is divided by n?
13
Suppose -3*h = -2*h - 1. What is the remainder when (-186)/(-2)*(-4 - h)/(-15) is divided by (-4)/(-10) - 58/(-5)?
7
Let d be (-48)/4*(-5)/4. Suppose -d = 3*g, k - 4*g - 17 = 12. Calculate the remainder when k is divided by 6 - ((-3)/(-1))/3.
4
Let o = 820 - 814. Calculate the remainder when 19 is divided by o.
1
Suppose -5*w - 7 = 8, 5*a - 4*w = 3477. What is the remainder when a is divided by 228?
9
Let o = 320 + -309. Calculate the remainder when 329 is divided by o.
10
Let m = 296 + -283. Let v(n) = -7*n + 1. Calculate the remainder when m is divided by v(-1).
5
Let v = 112 - 142. What is the remainder when 42 is divided by (0 - 1)/(2/v)?
12
Let p = 1859 - 1315. What is the remainder when p is divided by 21?
19
Let q(z) = z + 1. Let n be q(-1). Suppose 0 = -n*m + m - 43. Calculate the remainder when m is divided by ((-6)/(-10))/(6 - (-298)/(-50)).
13
Suppose -3*j - 11 = -4*j - 4*w, -j - 1 = -2*w. Suppose 4*a - o - 216 = 0, j*o + 27 + 27 = a. Calculate the remainder when a is divided by 12.
6
Suppose -7*n = -2848 - 85. Calculate the remainder when n is divided by 42.
41
Let f(x) = -x**2. Let j(v) = -v**3 - v**2 + 1. Let n(b) = -f(b) - j(b). What is the remainder when 44 is divided by n(2)?
14
Calculate the remainder when 148 is divided by 33 - (-12 + 4 + 11).
28
Let c = 111 - -22. Calculate the remainder when c is divided by 17.
14
Let l(b) = -b**2 - 4*b. Let g be l(